me factors of 38440095?
3, 5, 101, 25373
List the prime factors of 1326049.
1326049
List the prime factors of 5341971.
3, 313, 5689
List the prime factors of 1845249.
3, 7, 87869
List the prime factors of 4384472.
2, 548059
What are the prime factors of 843631?
89, 9479
List the prime factors of 1466123.
1466123
List the prime factors of 361651.
361651
List the prime factors of 18762417.
3, 359, 5807
What are the prime factors of 110197?
263, 419
List the prime factors of 2088292.
2, 522073
List the prime factors of 1848518.
2, 7, 29, 157
What are the prime factors of 3405412?
2, 29, 31, 947
What are the prime factors of 3493106?
2, 367, 4759
List the prime factors of 466928.
2, 7, 11, 379
List the prime factors of 89888.
2, 53
What are the prime factors of 7790130?
2, 3, 5, 101, 857
What are the prime factors of 14337034?
2, 7168517
What are the prime factors of 345953?
345953
List the prime factors of 118727.
7, 2423
List the prime factors of 1274943.
3, 67, 6343
What are the prime factors of 1193289?
3, 397763
What are the prime factors of 1090026?
2, 3, 7, 41, 211
List the prime factors of 4325419.
7, 617917
List the prime factors of 1012884.
2, 3, 84407
List the prime factors of 121100.
2, 5, 7, 173
What are the prime factors of 10456219?
10456219
List the prime factors of 778122.
2, 3, 139, 311
What are the prime factors of 800468?
2, 200117
List the prime factors of 1604999.
11, 53, 2753
What are the prime factors of 343970?
2, 5, 11, 53, 59
What are the prime factors of 16847452?
2, 19, 221677
What are the prime factors of 6767087?
1187, 5701
What are the prime factors of 117355?
5, 7, 479
What are the prime factors of 208257?
3, 7, 47, 211
List the prime factors of 2257.
37, 61
List the prime factors of 2359997.
2359997
What are the prime factors of 51788?
2, 11, 107
What are the prime factors of 290916?
2, 3, 8081
List the prime factors of 2027192.
2, 43, 71, 83
List the prime factors of 6139505.
5, 23, 197, 271
What are the prime factors of 2667046?
2, 397, 3359
What are the prime factors of 9965372?
2, 2491343
List the prime factors of 428861.
83, 5167
List the prime factors of 202816.
2, 3169
List the prime factors of 3076124.
2, 241, 3191
What are the prime factors of 13581135?
3, 5, 29, 3469
List the prime factors of 15820880.
2, 5, 17, 11633
List the prime factors of 198078.
2, 3, 33013
List the prime factors of 226576.
2, 7, 17
What are the prime factors of 1215166?
2, 607583
List the prime factors of 2289390.
2, 3, 5, 17, 67
What are the prime factors of 362138?
2, 7, 25867
List the prime factors of 270690.
2, 3, 5, 7, 1289
List the prime factors of 5043332.
2, 7, 29, 6211
List the prime factors of 5850332.
2, 107, 13669
What are the prime factors of 194090?
2, 5, 13, 1493
What are the prime factors of 792028?
2, 23, 8609
What are the prime factors of 5438890?
2, 5, 543889
What are the prime factors of 5929955?
5, 229, 5179
What are the prime factors of 864921?
3, 288307
What are the prime factors of 1008743?
1008743
List the prime factors of 861105.
3, 5, 7, 59, 139
List the prime factors of 215157.
3, 71719
List the prime factors of 18177259.
18177259
What are the prime factors of 6954336?
2, 3, 2683
What are the prime factors of 2401824?
2, 3, 127, 197
What are the prime factors of 10932719?
7, 1561817
What are the prime factors of 2038882?
2, 313, 3257
What are the prime factors of 5181998?
2, 37, 239, 293
What are the prime factors of 17372942?
2, 8686471
List the prime factors of 8800340.
2, 5, 29, 15173
List the prime factors of 1408664.
2, 37, 4759
What are the prime factors of 2395181?
17, 140893
List the prime factors of 2180763.
3, 13, 19, 109
What are the prime factors of 763637?
7, 43, 59
List the prime factors of 1473689.
7, 210527
List the prime factors of 274708.
2, 7, 9811
List the prime factors of 569911.
37, 73, 211
What are the prime factors of 538419?
3, 7, 25639
List the prime factors of 996613.
23, 43331
List the prime factors of 714945.
3, 5, 7, 11, 619
What are the prime factors of 740184?
2, 3, 30841
What are the prime factors of 30241038?
2, 3, 2153, 2341
List the prime factors of 400493.
619, 647
What are the prime factors of 1171501?
241, 4861
List the prime factors of 1055741.
1055741
List the prime factors of 4183974.
2, 3, 8609
List the prime factors of 2943658.
2, 1471829
What are the prime factors of 824356?
2, 13, 83, 191
List the prime factors of 239314.
2, 119657
List the prime factors of 1131796.
2, 97, 2917
What are the prime factors of 16925492?
2, 4231373
List the prime factors of 3265119.
3, 11, 13, 43, 59
List the prime factors of 3689515.
5, 19, 71, 547
List the prime factors of 2202569.
653, 3373
List the prime factors of 224238.
2, 3, 7, 19, 281
What are the prime factors of 934067?
934067
List the prime factors of 20577246.
2, 3, 313, 10957
List the prime factors of 1437497.
163, 8819
List the prime factors of 19118908.
2, 659, 7253
List the prime factors of 190466.
2, 95233
What are the prime factors of 413035?
5, 7, 11801
List the prime factors of 3029613.
3, 41, 24631
List the prime factors of 585260.
2, 5, 13, 2251
What are the prime factors of 2273809?
251, 9059
What are the prime factors of 190965?
3, 5, 29, 439
What are the prime factors of 11165591?
11165591
List the prime factors of 4507123.
19, 237217
What are the prime factors of 1824244?
2, 456061
What are the prime factors of 628733?
7, 89819
What are the prime factors of 255451?
7, 36493
List the prime factors of 582837.
3, 173, 1123
What are the prime factors of 9574794?
2, 3, 281, 631
What are the prime factors of 10560120?
2, 3, 5, 88001
List the prime factors of 408410.
2, 5, 40841
List the prime factors of 105238.
2, 7, 7517
What are the prime factors of 1210527?
3, 134503
What are the prime factors of 764715?
3, 5, 7, 7283
What are the prime factors of 6861218?
2, 7, 13, 37699
List the prime factors of 186081.
3, 7, 8861
What are the prime factors of 62660?
2, 5, 13, 241
What are the prime factors of 18581296?
2, 1161331
List the prime factors of 36788.
2, 17, 541
List the prime factors of 137323.
53, 2591
What are the prime factors of 1178325?
3, 5, 5237
List the prime factors of 297385.
5, 11, 5407
List the prime factors of 309576.
2, 3, 12899
List the prime factors of 219997.
17, 12941
List the prime factors of 2130381.
3, 11, 797
What are the prime factors of 480986?
2, 11, 21863
What are the prime factors of 311447?
311447
What are the prime factors of 12262324?
2, 59, 223, 233
What are the prime factors of 7162736?
2, 7, 31, 2063
What are the prime factors of 236224?
2, 3691
List the prime factors of 1594092.
2, 3, 71, 1871
List the prime factors of 7191352.
2, 7, 281, 457
What are the prime factors of 3099026?
2, 7, 41, 5399
List the prime factors of 18346803.
3, 41, 149161
What are the prime factors of 36393198?
2, 3, 1543, 3931
List the prime factors of 193955.
5, 38791
List the prime factors of 1195693.
1195693
What are the prime factors of 28978669?
311, 93179
List the prime factors of 11823972.
2, 3, 985331
List the prime factors of 4736386.
2, 73, 32441
What are the prime factors of 388993?
11, 35363
What are the prime factors of 2709640?
2, 5, 67741
What are the prime factors of 1425643?
499, 2857
What are the prime factors of 481252?
2, 23, 5231
List the prime factors of 4973420.
2, 5, 139, 1789
List the prime factors of 1484007.
3, 7, 70667
List the prime factors of 14105846.
2, 641, 11003
List the prime factors of 14434541.
11, 43, 30517
List the prime factors of 148829.
148829
What are the prime factors of 215243?
7, 97, 317
List the prime factors of 5928047.
5928047
List the prime factors of 1280401.
1280401
List the prime factors of 4471523.
7, 113, 5653
What are the prime factors of 220850?
2, 5, 7, 631
What are the prime factors of 11455269?
3, 7, 149, 523
List the prime factors of 3585069.
3, 398341
List the prime factors of 83268.
2, 3, 257
What are the prime factors of 2083536?
2, 3, 7, 13, 53
List the prime factors of 158900.
2, 5, 7, 227
What are the prime factors of 711821?
11, 163, 397
List the prime factors of 485253.
3, 53917
What are the prime factors of 201108?
2, 3, 16759
What are the prime factors of 204856?
2, 29, 883
List the prime factors of 811080.
2, 3, 5, 751
What 